12 + m**3/6 - 2*m**2 - 3. Let o(z) be the second derivative of v(z). Calculate o(2).
-7
Suppose -z - 2 = -2*r - 16, -z + r = -19. Let k be (-13)/(-5) + z/(-40). Let h(t) = 3*t - 2*t - k*t + 1. Give h(5).
-4
Let l(p) be the third derivative of -p**4/4 + 2*p**2. Let s(v) = v**2 + 5*v - 9. Let r be s(-7). Let b = r - 4. Determine l(b).
-6
Let g(q) = 2*q**3 - q - 1. Let n(d) = 2*d - 24. Let x be n(11). What is g(x)?
-15
Let a(s) = -2*s - 1. Let w(i) = -i**3 - i**2 - 2*i + 1. Let g be w(1). Calculate a(g).
5
Let h(n) = -n - 2. Let b be h(-2). Let u(g) = -6 - 7*g + 0 - 2*g**2 + b*g. Suppose 4*q - 5*m = 9, 0 = -4*q + q - 3*m - 27. Give u(q).
-10
Let a(k) = k - 1. Let q(o) = 8*o - 4. Let y(p) = 14*a(p) - 2*q(p). Determine y(-6).
6
Let n(k) = -k - 2. Suppose -5*y + 3*y = 10, 2*y + 10 = 2*d. Calculate n(d).
-2
Suppose -p - p - 5*b = -1, b - 21 = -3*p. Let r(n) = -n**2 + 6*n + 11. Calculate r(p).
-5
Suppose 0 - 8 = 4*d. Let v = -1 - d. Let y(r) = -3*r**3 - 2*r**2 + 2*r - 1. Determine y(v).
-4
Let z(g) = -g**3 + 5*g**2 + 2. Let i(q) = -q**3 + 6*q**2 - 7*q + 6. Let f be i(5). Let u = 1 - f. What is z(u)?
2
Let m(y) be the first derivative of -3*y**2 + 15. Calculate m(2).
-12
Let u(v) = v - 3. Let b be u(6). Let m(n) = -6*n**2 + 3 - 2 + 4 + n**b + 3 - 9*n. What is m(7)?
-6
Let y(d) = -d**2 - 3*d - 6. Let l = -60 - -56. Give y(l).
-10
Let u = -10 - -6. Let z(v) = 4*v**2 + 8*v - 5. Let t(q) = 5*q**2 + 9*q - 4. Let l(r) = u*z(r) + 3*t(r). Determine l(-6).
2
Let u(h) = h**2 + 8*h + 4. Suppose -x - 4 = x, 5*j = -4*x - 33. What is u(j)?
-11
Suppose o = 1 - 5. Let n(r) = r + 8. Let z(w) = 1. Let x(k) = o*z(k) + n(k). Determine x(-2).
2
Let y(m) = -m**2 + 3*m - 1. Let t be y(1). Let n(v) = 5*v**2 - v + 1. Give n(t).
5
Let d(a) = -4*a**3 + a**2 + 3*a + 2. Let f(t) = -t**3 + t**2 - 5*t + 12. Let u be f(2). Calculate d(u).
32
Suppose 0*l + 40 = -10*l. Let u(v) be the first derivative of -v**4/4 - 2*v**3 - 3*v**2 - v - 1. Calculate u(l).
-9
Let a(n) be the first derivative of n**3/3 - 7*n**2/2 - 4*n + 24. Calculate a(8).
4
Let m(t) = -t**3 - 5*t**2 + 5*t - 7. Let u be m(-6). Let p be 1/u - 14/7. Let c(j) = j**3 + 3*j**2 + j + 2. What is c(p)?
-1
Let h(b) = b + 2. Let r = 0 - -1. Let q = 2 + r. Let p be -4*q/(-6)*2. Calculate h(p).
6
Let c(b) be the first derivative of -7*b**3/3 - b**2/2 + b + 1. Suppose 11*n + 9 = 20. Calculate c(n).
-7
Suppose -8*q - 5 = -3*z - 4*q, -z + 3*q = 0. Suppose 0 = z*j - 2*j - 1. Let o(t) = 8*t + 1. Calculate o(j).
9
Let q(x) = x**3 + 6*x**2 + 3*x + 4. Let v = 57 + -60. What is q(v)?
22
Let v(s) = 4*s**3 + 2*s - 1. Suppose -7*t + t + 6 = 0. Determine v(t).
5
Let n = 15 + 5. Suppose -5*i = -o - 4, -2*i - 5*o - n = -4*i. Let s(p) = 2*p**2 + 3*p + i*p + 3 - 1. Give s(-2).
4
Let h(i) = i + 1. Let z(d) = -2*d**2 + 11*d - 7. Let n be z(5). What is h(n)?
-1
Let k(j) = j**2 - j - 5. Suppose -54*z + 52*z = -10. Calculate k(z).
15
Suppose -2*b + c = -256 - 1389, -b - 2*c + 810 = 0. Let h be b/260 - 4/26. Let g(w) = -4 + 2 - 4 + w. Determine g(h).
-3
Let i be 2 + -1 - 5*2/5. Let g(q) = -4 - 3*q**2 + 3 + 2. Give g(i).
-2
Let q(t) = -2*t + t**2 + 3*t + 0*t - 1. Let a(p) = p**2 - 5*p - 4. Let s be a(5). Let z = s + 1. Determine q(z).
5
Let o = -27 + 22. Let d(i) = 4*i + 5. What is d(o)?
-15
Let h(b) = -b + 9. Suppose -5*a - 4*a = -13*a. What is h(a)?
9
Suppose 0 = -c - 6 + 3. Let w be (-2 + c + 4)*4. Let s(u) = u**2 + 3*u. Determine s(w).
4
Let s(b) be the second derivative of 3*b + 0 - 1/2*b**3 + 3/2*b**2. Suppose -7 - 1 = -4*f. What is s(f)?
-3
Let s(y) = -y. Let d(z) = z**2 + 6*z + 14. Let h(k) = d(k) - 6*s(k). What is h(-11)?
3
Let s(k) = 2*k - 6. Suppose 4*g - 9*g = -25. Calculate s(g).
4
Let j(u) = -3*u**3 - 21*u**2 + 4*u**3 - u + 28*u**2 - 1. Calculate j(-7).
6
Let m be (-2 + 1)*(-1 - 2). Suppose 0*d + 3*d = m. Let g(b) = 2*b - 3 - b**2 + 2 - 3*b**2. Calculate g(d).
-3
Let o(w) be the third derivative of 0*w + 0 + w**2 - 1/120*w**6 - 1/12*w**4 + 5/6*w**3 - 1/12*w**5. What is o(-4)?
-3
Suppose -6 = -5*d + 4. Let o(n) = 2*n + 13. Let m(b) = -b - 12. Let f(i) = 7*m(i) + 6*o(i). Let p(h) = -6*h + 7. Let v(a) = 7*f(a) + 6*p(a). Determine v(d).
-2
Suppose 5*b = -5*s + 50, 3*s = -s - 2*b + 40. Suppose n + n = s. Let z(f) = -f + 8. Calculate z(n).
3
Let q(b) = -1. Let a(l) = -2*l + 10. Let g(r) = a(r) + 2*q(r). Give g(8).
-8
Let k(w) = -6*w - 11. Let b(z) = 5*z + 11. Let p(l) = -5*b(l) - 4*k(l). Let u(h) = -h**3 - 3*h**2 + 6*h + 2. Let d be u(-4). Give p(d).
-5
Let p(f) = -2*f + 7. Let m(g) = 4*g - 14. Let v(b) = 3*m(b) + 5*p(b). Give v(5).
3
Let y(z) = -1 - 7*z + z + 5*z. What is y(-2)?
1
Let p(x) = -x**2 + 7*x + 4. Let n be p(7). Let z(t) = 2*t - 4. Determine z(n).
4
Let z(p) be the first derivative of p**4/12 + 4*p**3/3 + 7*p**2/2 - p + 2. Let l(s) be the first derivative of z(s). Calculate l(-5).
-8
Let h(c) be the first derivative of 1/3*c**3 + 5/2*c**2 + 3 - 3*c. Calculate h(-5).
-3
Let l(k) = 2*k**3 + 2*k**2 - 2. Let n be -5 - -8 - (3 - -2). Give l(n).
-10
Let m(k) = -2*k. Let x = -5 - 1. Determine m(x).
12
Let i(v) = v**3 + 2*v**2 - 2*v + 1. Let t be i(-2). Suppose -t = c - 0. Let y(p) = 3*p + 6. Determine y(c).
-9
Let m(x) = x**2 - 5*x - 2. Let d be m(6). Let q(i) = -i**3 + 5*i**2 - 5*i - 1. Calculate q(d).
-5
Let r(m) be the third derivative of -m**6/60 + m**5/15 + m**4/6 - m**3/3 - 5*m**2. Let g(k) = k**3 - k**2 - k + 1. Let p(q) = -g(q) - r(q). Calculate p(4).
5
Let p(o) = o - 1. Let w(j) = j**3 + 5*j**2 + j + 1. Let u(m) = 3*p(m) + w(m). Give u(-4).
-2
Let h(c) be the third derivative of -c**4/24 + c**3/2 + 15*c**2. Give h(0).
3
Suppose 14*t = 24*t - 40. Let b(n) be the third derivative of -5/24*n**t + 0 + 1/120*n**6 - 1/30*n**5 + 2/3*n**3 + 0*n - 3*n**2. What is b(3)?
-2
Let q(l) = l - 19. Let z be q(16). Let o(b) = b**3 + 2*b**2 - 3*b - 3. Calculate o(z).
-3
Let o = 5 - 1. Let h(f) = f + 4 + o - 3*f. Let m be h(6). Let w(q) = q**2 + 2*q - 3. Calculate w(m).
5
Let l(j) = -j**2 + 5*j - 4. Let y be l(3). Let p(s) = -s**y + 3*s**2 - 3*s**2 - 7*s. What is p(-3)?
12
Let f = -1 + 3. Let k(m) = -2*m - 3 + 5*m + m**f + m. Suppose 0 - 16 = 4*i. What is k(i)?
-3
Let y(n) = 9*n**3 - 4*n**2 + 11*n - 15. Let g(p) = 4*p**3 - 2*p**2 + 5*p - 7. Let k(j) = -13*g(j) + 6*y(j). What is k(2)?
27
Let s = 7 - 1. Let r(j) = -5*j + 0 - 2*j**3 + 1 + j**3 + s*j**2. Let c be (-7)/(-21) - (-42)/9. Give r(c).
1
Let g(l) = 3*l - 3. Suppose -a + 4 = i, -3*i - 2*a = -8 - 3. What is g(i)?
6
Let n(r) = -r + 5*r**2 - r**3 + 4 - r - 4*r. Let z = -5 - -9. Calculate n(z).
-4
Let o(n) = -1 + n + 0 + 4. Let g = 38 + -55. Let m = g + 17. What is o(m)?
3
Suppose 0 = -b - 2. Let z(t) = t + 2. Determine z(b).
0
Let z be 0*2*6/(-36). Let m(s) = 6*s - 2. Let k(b) = 5*b - 3. Let t(g) = 5*k(g) - 4*m(g). Give t(z).
-7
Let q = 5 + -5. Suppose q*c = c. Let p(o) = c + 3 - 4 + 2*o. Calculate p(-1).
-3
Let x(l) = -4*l**2 - 13*l + 4. Let u(i) = 2*i**2 + 6*i - 2. Let j(s) = -7*u(s) - 3*x(s). Determine j(-3).
-7
Let x(s) = s**3 - 4*s**2 - 2*s - 5. Suppose -34*g - 65 = -47*g. What is x(g)?
10
Let r be ((-2)/(-7))/(1/7). Let x be (-6 + 0)*r/(-6). Let s be (x/2)/((-4)/(-8)). Let g(t) = t**3 - t**2 + 2*t - 2. What is g(s)?
6
Suppose j + 18 = 4*j. Let d = j - 4. Let k(p) = 0*p**2 + 0*p**d + p**2. Give k(2).
4
Let d(v) be the second derivative of -1/6*v**4 + 1/6*v**3 + 1/20*v**5 + 0 + v - v**2. Calculate d(2).
0
Suppose 3*r = 2*r + 2. Let g(i) = 3*i**2 - 3*i - 13. Let t(l) = 4 - 3*l**2 + 3*l**2 + 0*l**2 + l - l**2. Let k(j) = 2*g(j) + 7*t(j). Give k(r).
0
Let a be 9/6*16/(-6). Let f = 11 + -8. Let m(x) = -6*x + 4 + f*x + 5*x. Determine m(a).
-4
Let s(z) be the second derivative of z**5/10 - 5*z**4/12 + z**3/2 + z**2 - 12*z. What is s(3)?
20
Let o(p) = p**3 - 4*p**2 + 2*p - 2. Suppose 3*t - 8 + 39 = -5*q, 0 = 2*t - 3*q - 11. Let w be t + 12/3 - -1. What is o(w)?
-5
Let i be ((-1)/(-3))/((-11)/231). Let r(j) = j**2 + 7*j - 3. Calculate r(i).
-3
Let p = -22 + 21. Let t(c) = c**3 + 5*c**2 - c - 3. Let o be t(-5). Let b(q) = 2*q**2 + 4*q**3 - q + 3*q**2 - 6*q**o. Give b(p).
-4
Let d(q) = -q**3 + 4*q**2 + 4*q + 3. Let y be d(5). Let x(h) = 5*h + 5. Let z(p) = 11*p + 11. Let g(b) = -13*x(b) + 6*z(b). Calculate g(y).
-1
Let c(q) = 5*q - 6. Let p be ((-4)/10)/((-3)/(-45)). Let o(z) = z - 1. Let m(h) = p*o(h) 